{"id":10122,"date":"2022-05-06T20:15:28","date_gmt":"2022-05-06T18:15:28","guid":{"rendered":"https:\/\/cimgfrance.fr\/?page_id=10122"},"modified":"2025-11-27T13:44:20","modified_gmt":"2025-11-27T12:44:20","slug":"actualites","status":"publish","type":"page","link":"https:\/\/cimgfrance.fr\/index.php\/actualites\/","title":{"rendered":"Actualit\u00e9s"},"content":{"rendered":"<article><a href=\"https:\/\/cimgfrance.fr\/index.php\/2022\/05\/\"><br \/>\n10 Mai <\/a><br \/>\n<a href=\"https:\/\/cimgfrance.fr\/index.php\/category\/actualites\/\" rel=\"category tag\">Actualit\u00e9s<\/a><\/p>\n<h5><a href=\"https:\/\/cimgfrance.fr\/index.php\/2022\/05\/10\/emir-demirbas-elu-nouveau-president-lors-de-lassemblee-generale-de-la-cimg-france\/\"><br \/>\nEmir DEMIRBAS \u00e9lu nouveau Pr\u00e9sident lors de l\u2019assembl\u00e9e g\u00e9n\u00e9rale de la CIMG France <\/a><\/h5>\n<p>En date du 02 avril 2022, la Conf\u00e9d\u00e9ration Islamique Mill\u00ee G\u00f4r\u00fcs France a organis\u00e9 une assembl\u00e9e g\u00e9n\u00e9rale dans son si\u00e8ge social situ\u00e9 \u00e0 Sevran. \u00a0 Le nouveau pr\u00e9sident<\/p>\n<p><a href=\"https:\/\/cimgfrance.fr\/index.php\/2022\/05\/10\/emir-demirbas-elu-nouveau-president-lors-de-lassemblee-generale-de-la-cimg-france\/\" target=\"_self\" rel=\"noopener\"> Lire la suite <\/a><\/p>\n<\/article>\n<article><a href=\"https:\/\/cimgfrance.fr\/index.php\/2021\/05\/07\/assemblee-generale-de-la-cimg-france-renouvellement-du-conseil-dadministration\/\"><br \/>\n<img loading=\"lazy\" src=\"http:\/\/cimgfrance.fr\/wp-content\/uploads\/2022\/05\/cimgPaper-1024x1016-1.jpg\" sizes=\"(max-width: 1024px) 100vw, 1024px\" srcset=\"https:\/\/cimgfrance.fr\/wp-content\/uploads\/2022\/05\/cimgPaper-1024x1016-1.jpg 1024w, https:\/\/cimgfrance.fr\/wp-content\/uploads\/2022\/05\/cimgPaper-1024x1016-1-300x298.jpg 300w, https:\/\/cimgfrance.fr\/wp-content\/uploads\/2022\/05\/cimgPaper-1024x1016-1-150x150.jpg 150w, https:\/\/cimgfrance.fr\/wp-content\/uploads\/2022\/05\/cimgPaper-1024x1016-1-768x762.jpg 768w, https:\/\/cimgfrance.fr\/wp-content\/uploads\/2022\/05\/cimgPaper-1024x1016-1-600x595.jpg 600w, https:\/\/cimgfrance.fr\/wp-content\/uploads\/2022\/05\/cimgPaper-1024x1016-1-100x100.jpg 100w\" alt=\"\" width=\"1024\" height=\"1016\" \/> <\/a><br \/>\n<a href=\"https:\/\/cimgfrance.fr\/index.php\/2021\/05\/\"><br \/>\n7 Mai <\/a><br \/>\n<a href=\"https:\/\/cimgfrance.fr\/index.php\/category\/communiques\/\" rel=\"category tag\">Communiqu\u00e9s<\/a><\/p>\n<h5><a href=\"https:\/\/cimgfrance.fr\/index.php\/2021\/05\/07\/assemblee-generale-de-la-cimg-france-renouvellement-du-conseil-dadministration\/\"><br \/>\nAssembl\u00e9e G\u00e9n\u00e9rale de la CIMG France : Renouvellement du Conseil d\u2019Administration <\/a><\/h5>\n<p>La CIMG France a r\u00e9uni son assembl\u00e9e g\u00e9n\u00e9rale par visioconf\u00e9rence ce dimanche 29 novembre 2020 avec la participation des dirigeants r\u00e9gionaux et de l\u2019ensemble des pr\u00e9siden<\/p>\n<p><a href=\"https:\/\/cimgfrance.fr\/index.php\/2021\/05\/07\/assemblee-generale-de-la-cimg-france-renouvellement-du-conseil-dadministration\/\" target=\"_self\" rel=\"noopener\"> Lire la suite <\/a><\/p>\n<\/article>\n<article><a href=\"https:\/\/cimgfrance.fr\/index.php\/2021\/04\/09\/reponse-de-fatih-sarikir-president-de-cimg-france-a-la-tribune-de-frederic-burnier-framboret-maire-dalbertville\/\"><br \/>\n<img loading=\"lazy\" src=\"http:\/\/cimgfrance.fr\/wp-content\/uploads\/2022\/05\/newspapers-444447_1920-2.jpg\" sizes=\"(max-width: 1920px) 100vw, 1920px\" srcset=\"https:\/\/cimgfrance.fr\/wp-content\/uploads\/2022\/05\/newspapers-444447_1920-2.jpg 1920w, https:\/\/cimgfrance.fr\/wp-content\/uploads\/2022\/05\/newspapers-444447_1920-2-300x154.jpg 300w, https:\/\/cimgfrance.fr\/wp-content\/uploads\/2022\/05\/newspapers-444447_1920-2-1024x527.jpg 1024w, https:\/\/cimgfrance.fr\/wp-content\/uploads\/2022\/05\/newspapers-444447_1920-2-768x395.jpg 768w, https:\/\/cimgfrance.fr\/wp-content\/uploads\/2022\/05\/newspapers-444447_1920-2-1536x790.jpg 1536w, https:\/\/cimgfrance.fr\/wp-content\/uploads\/2022\/05\/newspapers-444447_1920-2-600x309.jpg 600w\" alt=\"\" width=\"1920\" height=\"988\" \/> <\/a><br \/>\n<a href=\"https:\/\/cimgfrance.fr\/index.php\/2021\/04\/\"><br \/>\n9 Avr <\/a><br \/>\n<a href=\"https:\/\/cimgfrance.fr\/index.php\/category\/communiques\/\" rel=\"category tag\">Communiqu\u00e9s<\/a><\/p>\n<h5><a href=\"https:\/\/cimgfrance.fr\/index.php\/2021\/04\/09\/reponse-de-fatih-sarikir-president-de-cimg-france-a-la-tribune-de-frederic-burnier-framboret-maire-dalbertville\/\"><br \/>\nR\u00e9ponse de Fatih Sarikir, pr\u00e9sident de CIMG France, \u00e0 la tribune de Fr\u00e9d\u00e9ric Burnier Framboret, maire d\u2019Albertville. <\/a><\/h5>\n<p>Mise au point au sujet de l\u2019article du\u00a0Figaro\u00a0intitul\u00e9\u00a0:\u00ab\u00a0Comment je suis oblig\u00e9 d\u2019autoriserla construction d\u2019une \u00e9cole islamiste turque\u00a0\u00bb Paris<\/p>\n<p><a href=\"https:\/\/cimgfrance.fr\/index.php\/2021\/04\/09\/reponse-de-fatih-sarikir-president-de-cimg-france-a-la-tribune-de-frederic-burnier-framboret-maire-dalbertville\/\" target=\"_self\" rel=\"noopener\"> Lire la suite <\/a><\/p>\n<\/article>\n<article><a href=\"https:\/\/cimgfrance.fr\/index.php\/2021\/04\/06\/declaration-de-principe-des-federations-ccmtf-cimg-france-foi-et-pratique\/\"><br \/>\n<\/a><br \/>\n<a href=\"https:\/\/cimgfrance.fr\/index.php\/2021\/04\/\"><br \/>\n6 Avr <\/a><br \/>\n<a href=\"https:\/\/cimgfrance.fr\/index.php\/category\/actualites\/\" rel=\"category tag\">Actualit\u00e9s<\/a><\/p>\n<h5><a href=\"https:\/\/cimgfrance.fr\/index.php\/2021\/04\/06\/declaration-de-principe-des-federations-ccmtf-cimg-france-foi-et-pratique\/\"><br \/>\nD\u00e9claration de principe des f\u00e9d\u00e9rations CCMTF, CIMG FRANCE, FOI ET PRATIQUE <\/a><\/h5>\n<p>Strasbourg, le 06\/04\/2021 Nous les f\u00e9d\u00e9rations CCMTF, CIMG France, Foi et Pratique, R\u00e9affirmons que notre foi et nos convictions religieuses nous am\u00e8nent naturellement \u00e0 honor<\/p>\n<p><a href=\"https:\/\/cimgfrance.fr\/index.php\/2021\/04\/06\/declaration-de-principe-des-federations-ccmtf-cimg-france-foi-et-pratique\/\" target=\"_self\" rel=\"noopener\"> Lire la suite <\/a><\/p>\n<\/article>\n<article><a href=\"https:\/\/cimgfrance.fr\/index.php\/2021\/03\/26\/construction-de-la-grande-mosquee-de-strasbourg\/\"><br \/>\n<img loading=\"lazy\" src=\"http:\/\/cimgfrance.fr\/wp-content\/uploads\/2022\/05\/Ayyub-sultan.jpg\" sizes=\"(max-width: 736px) 100vw, 736px\" srcset=\"https:\/\/cimgfrance.fr\/wp-content\/uploads\/2022\/05\/Ayyub-sultan.jpg 736w, https:\/\/cimgfrance.fr\/wp-content\/uploads\/2022\/05\/Ayyub-sultan-300x201.jpg 300w, https:\/\/cimgfrance.fr\/wp-content\/uploads\/2022\/05\/Ayyub-sultan-600x401.jpg 600w\" alt=\"\" width=\"736\" height=\"492\" \/> <\/a><br \/>\n<a href=\"https:\/\/cimgfrance.fr\/index.php\/2021\/03\/\"><br \/>\n26 Mar <\/a><br \/>\n<a href=\"https:\/\/cimgfrance.fr\/index.php\/category\/communiques\/\" rel=\"category tag\">Communiqu\u00e9s<\/a><\/p>\n<h5><a href=\"https:\/\/cimgfrance.fr\/index.php\/2021\/03\/26\/construction-de-la-grande-mosquee-de-strasbourg\/\"><br \/>\nConstruction de la Grande Mosqu\u00e9e de Strasbourg <\/a><\/h5>\n<p>Communiqu\u00e9 de presseConstruction de la Grande Mosqu\u00e9e de Strasbourg Paris, le 26 mars 2021 Le 24 mars 2021, la pr\u00e9f\u00e8te de la r\u00e9gion Grand-Est, pr\u00e9f\u00e8te du Bas-Rhin, a r\u00e9agit<\/p>\n<p><a href=\"https:\/\/cimgfrance.fr\/index.php\/2021\/03\/26\/construction-de-la-grande-mosquee-de-strasbourg\/\" target=\"_self\" rel=\"noopener\"> Lire la suite <\/a><\/p>\n<\/article>\n<article><a href=\"https:\/\/cimgfrance.fr\/index.php\/2021\/03\/25\/communique-de-presse\/\"><br \/>\n<img loading=\"lazy\" src=\"http:\/\/cimgfrance.fr\/wp-content\/uploads\/2022\/05\/cimgPaper-1024x1016-1.jpg\" sizes=\"(max-width: 1024px) 100vw, 1024px\" srcset=\"https:\/\/cimgfrance.fr\/wp-content\/uploads\/2022\/05\/cimgPaper-1024x1016-1.jpg 1024w, https:\/\/cimgfrance.fr\/wp-content\/uploads\/2022\/05\/cimgPaper-1024x1016-1-300x298.jpg 300w, https:\/\/cimgfrance.fr\/wp-content\/uploads\/2022\/05\/cimgPaper-1024x1016-1-150x150.jpg 150w, https:\/\/cimgfrance.fr\/wp-content\/uploads\/2022\/05\/cimgPaper-1024x1016-1-768x762.jpg 768w, https:\/\/cimgfrance.fr\/wp-content\/uploads\/2022\/05\/cimgPaper-1024x1016-1-600x595.jpg 600w, https:\/\/cimgfrance.fr\/wp-content\/uploads\/2022\/05\/cimgPaper-1024x1016-1-100x100.jpg 100w\" alt=\"\" width=\"1024\" height=\"1016\" \/> <\/a><br \/>\n<a href=\"https:\/\/cimgfrance.fr\/index.php\/2021\/03\/\"><br \/>\n25 Mar <\/a><br \/>\n<a href=\"https:\/\/cimgfrance.fr\/index.php\/category\/actualites\/\" rel=\"category tag\">Actualit\u00e9s<\/a><\/p>\n<h5><a href=\"https:\/\/cimgfrance.fr\/index.php\/2021\/03\/25\/communique-de-presse\/\"><br \/>\nCommuniqu\u00e9 de presse <\/a><\/h5>\n<p>Paris, le 25 mars 2021 Le 22 mars 2021, la municipalit\u00e9 de Strasbourg a d\u00e9cid\u00e9 d\u2019accorder une subvention pour financer la construction de la Grande Mosqu\u00e9e Eyyub Sultan de St<\/p>\n<p><a href=\"https:\/\/cimgfrance.fr\/index.php\/2021\/03\/25\/communique-de-presse\/\" target=\"_self\" rel=\"noopener\"> Lire la suite <\/a><\/p>\n<\/article>\n<article><a href=\"https:\/\/cimgfrance.fr\/index.php\/2021\/03\/25\/lingerence-des-politiques-du-culte-musulman-et-le-devoiement-de-la-charte-des-principes-de-lislam-de-france\/\"><br \/>\n<img loading=\"lazy\" src=\"http:\/\/cimgfrance.fr\/wp-content\/uploads\/2022\/05\/Pressemitteilung2-560x373-1.jpg\" sizes=\"(max-width: 560px) 100vw, 560px\" srcset=\"https:\/\/cimgfrance.fr\/wp-content\/uploads\/2022\/05\/Pressemitteilung2-560x373-1.jpg 560w, https:\/\/cimgfrance.fr\/wp-content\/uploads\/2022\/05\/Pressemitteilung2-560x373-1-300x200.jpg 300w\" alt=\"\" width=\"560\" height=\"373\" \/> <\/a><br \/>\n<a href=\"https:\/\/cimgfrance.fr\/index.php\/2021\/03\/\"><br \/>\n25 Mar <\/a><br \/>\n<a href=\"https:\/\/cimgfrance.fr\/index.php\/category\/actualites\/\" rel=\"category tag\">Actualit\u00e9s<\/a><\/p>\n<h5><a href=\"https:\/\/cimgfrance.fr\/index.php\/2021\/03\/25\/lingerence-des-politiques-du-culte-musulman-et-le-devoiement-de-la-charte-des-principes-de-lislam-de-france\/\"><br \/>\nL\u2019ing\u00e9rence des politiques du culte musulman et le d\u00e9voiement de la charte des principes de l\u2019Islam de France <\/a><\/h5>\n<p>Communiqu\u00e9 de presse L\u2019ing\u00e9rence des politiques du culte musulman et le d\u00e9voiement de la charte des principes de l\u2019Islam de France Paris, le 25 mars 2021, Aujourd\u2019hui, la<\/p>\n<p><a href=\"https:\/\/cimgfrance.fr\/index.php\/2021\/03\/25\/lingerence-des-politiques-du-culte-musulman-et-le-devoiement-de-la-charte-des-principes-de-lislam-de-france\/\" target=\"_self\" rel=\"noopener\"> Lire la suite <\/a><\/p>\n<\/article>\n<article><a href=\"https:\/\/cimgfrance.fr\/index.php\/2021\/03\/04\/assemblee-generale-de-cimg-annecy\/\"><br \/>\n<img loading=\"lazy\" src=\"http:\/\/cimgfrance.fr\/wp-content\/uploads\/2022\/05\/WhatsApp-Image-2021-02-08-at-14-3.jpg\" sizes=\"(max-width: 1154px) 100vw, 1154px\" srcset=\"https:\/\/cimgfrance.fr\/wp-content\/uploads\/2022\/05\/WhatsApp-Image-2021-02-08-at-14-3.jpg 1154w, https:\/\/cimgfrance.fr\/wp-content\/uploads\/2022\/05\/WhatsApp-Image-2021-02-08-at-14-3-300x181.jpg 300w, https:\/\/cimgfrance.fr\/wp-content\/uploads\/2022\/05\/WhatsApp-Image-2021-02-08-at-14-3-1024x618.jpg 1024w, https:\/\/cimgfrance.fr\/wp-content\/uploads\/2022\/05\/WhatsApp-Image-2021-02-08-at-14-3-768x463.jpg 768w, https:\/\/cimgfrance.fr\/wp-content\/uploads\/2022\/05\/WhatsApp-Image-2021-02-08-at-14-3-600x362.jpg 600w\" alt=\"\" width=\"1154\" height=\"696\" \/> <\/a><br \/>\n<a href=\"https:\/\/cimgfrance.fr\/index.php\/2021\/03\/\"><br \/>\n4 Mar <\/a><br \/>\n<a href=\"https:\/\/cimgfrance.fr\/index.php\/category\/actualites\/\" rel=\"category tag\">Actualit\u00e9s<\/a><a href=\"https:\/\/cimgfrance.fr\/index.php\/category\/communiques\/\" rel=\"category tag\">Communiqu\u00e9s<\/a><\/p>\n<h5><a href=\"https:\/\/cimgfrance.fr\/index.php\/2021\/03\/04\/assemblee-generale-de-cimg-annecy\/\"><br \/>\nAssembl\u00e9e G\u00e9n\u00e9rale de CIMG ANNECY <\/a><\/h5>\n<p>Nous avons effectu\u00e9 l\u2019Assembl\u00e9e G\u00e9n\u00e9rale de CIMG ANNECY sous la pr\u00e9sidence du Pr\u00e9sident r\u00e9gional Monsieur Yusuf Cakir et avec la participation de son \u00e9quipe.\u00a0Apr\u00e8s<\/p>\n<p><a href=\"https:\/\/cimgfrance.fr\/index.php\/2021\/03\/04\/assemblee-generale-de-cimg-annecy\/\" target=\"_self\" rel=\"noopener\"> Lire la suite <\/a><\/p>\n<\/article>\n<article><a href=\"https:\/\/cimgfrance.fr\/index.php\/2021\/03\/03\/assemblee-generale-de-cimg-chambery\/\"><br \/>\n<img loading=\"lazy\" src=\"http:\/\/cimgfrance.fr\/wp-content\/uploads\/2022\/05\/WhatsApp-Image-2021-02-28-at-16.jpg\" sizes=\"(max-width: 1332px) 100vw, 1332px\" srcset=\"https:\/\/cimgfrance.fr\/wp-content\/uploads\/2022\/05\/WhatsApp-Image-2021-02-28-at-16.jpg 1332w, https:\/\/cimgfrance.fr\/wp-content\/uploads\/2022\/05\/WhatsApp-Image-2021-02-28-at-16-300x151.jpg 300w, https:\/\/cimgfrance.fr\/wp-content\/uploads\/2022\/05\/WhatsApp-Image-2021-02-28-at-16-1024x515.jpg 1024w, https:\/\/cimgfrance.fr\/wp-content\/uploads\/2022\/05\/WhatsApp-Image-2021-02-28-at-16-768x386.jpg 768w, https:\/\/cimgfrance.fr\/wp-content\/uploads\/2022\/05\/WhatsApp-Image-2021-02-28-at-16-600x302.jpg 600w\" alt=\"\" width=\"1332\" height=\"670\" \/> <\/a><br \/>\n<a href=\"https:\/\/cimgfrance.fr\/index.php\/2021\/03\/\"><br \/>\n3 Mar <\/a><br \/>\n<a href=\"https:\/\/cimgfrance.fr\/index.php\/category\/actualites\/\" rel=\"category tag\">Actualit\u00e9s<\/a><a href=\"https:\/\/cimgfrance.fr\/index.php\/category\/communiques\/\" rel=\"category tag\">Communiqu\u00e9s<\/a><\/p>\n<h5><a href=\"https:\/\/cimgfrance.fr\/index.php\/2021\/03\/03\/assemblee-generale-de-cimg-chambery\/\"><br \/>\nAssembl\u00e9e G\u00e9n\u00e9rale de CIMG CHAMBERY <\/a><\/h5>\n<p>Le 28 f\u00e9vrier 2021, notre association CIMG CHAMBERY a organis\u00e9 son assembl\u00e9e g\u00e9n\u00e9rale sous la pr\u00e9sidence de notre pr\u00e9sident r\u00e9gional Monsieur Yusuf CAKIR. Le pr\u00e9sident act<\/p>\n<p><a href=\"https:\/\/cimgfrance.fr\/index.php\/2021\/03\/03\/assemblee-generale-de-cimg-chambery\/\" target=\"_self\" rel=\"noopener\"> Lire la suite <\/a><\/p>\n<\/article>\n<nav role=\"navigation\" aria-label=\"Articles\">\n<h2>Navigation d\u2019articles<\/h2>\n<p>1<br \/>\n<a href=\"https:\/\/cimgfrance.fr\/wp-admin\/admin-ajax.php\/index.php\/page\/2\/\">2<\/a><br \/>\n<a href=\"https:\/\/cimgfrance.fr\/wp-admin\/admin-ajax.php\/index.php\/page\/3\/\">3<\/a><br \/>\n\u2026<br \/>\n<a href=\"https:\/\/cimgfrance.fr\/wp-admin\/admin-ajax.php\/index.php\/page\/7\/\">7<\/a><\/p>\n<\/nav>\n","protected":false},"excerpt":{"rendered":"<p>10 Mai Actualit\u00e9s Emir DEMIRBAS \u00e9lu nouveau Pr\u00e9sident lors de l\u2019assembl\u00e9e g\u00e9n\u00e9rale de la CIMG France En date du 02 avril 2022, la Conf\u00e9d\u00e9ration Islamique Mill\u00ee G\u00f4r\u00fcs France a organis\u00e9 une assembl\u00e9e g\u00e9n\u00e9rale dans son si\u00e8ge social situ\u00e9 \u00e0 Sevran. \u00a0 Le nouveau pr\u00e9sident Lire la suite 7 Mai Communiqu\u00e9s Assembl\u00e9e G\u00e9n\u00e9rale de la CIMG [&hellip;]<\/p>\n","protected":false},"author":1,"featured_media":0,"parent":0,"menu_order":0,"comment_status":"closed","ping_status":"closed","template":"page-full-width.php","meta":[],"_links":{"self":[{"href":"https:\/\/cimgfrance.fr\/index.php\/wp-json\/wp\/v2\/pages\/10122"}],"collection":[{"href":"https:\/\/cimgfrance.fr\/index.php\/wp-json\/wp\/v2\/pages"}],"about":[{"href":"https:\/\/cimgfrance.fr\/index.php\/wp-json\/wp\/v2\/types\/page"}],"author":[{"embeddable":true,"href":"https:\/\/cimgfrance.fr\/index.php\/wp-json\/wp\/v2\/users\/1"}],"replies":[{"embeddable":true,"href":"https:\/\/cimgfrance.fr\/index.php\/wp-json\/wp\/v2\/comments?post=10122"}],"version-history":[{"count":22,"href":"https:\/\/cimgfrance.fr\/index.php\/wp-json\/wp\/v2\/pages\/10122\/revisions"}],"predecessor-version":[{"id":10575,"href":"https:\/\/cimgfrance.fr\/index.php\/wp-json\/wp\/v2\/pages\/10122\/revisions\/10575"}],"wp:attachment":[{"href":"https:\/\/cimgfrance.fr\/index.php\/wp-json\/wp\/v2\/media?parent=10122"}],"curies":[{"name":"wp","href":"https:\/\/api.w.org\/{rel}","templated":true}]}}